{"id":2468,"date":"2025-04-22T21:20:15","date_gmt":"2025-04-22T19:20:15","guid":{"rendered":"https:\/\/www.oleificiodellorto.it\/?page_id=2468"},"modified":"2025-04-22T21:30:07","modified_gmt":"2025-04-22T19:30:07","slug":"guida-al-reso","status":"publish","type":"page","link":"https:\/\/oleificiodellorto.it\/index.php\/guida-al-reso\/","title":{"rendered":"Guida al reso"},"content":{"rendered":"\t\t<div data-elementor-type=\"wp-page\" data-elementor-id=\"2468\" class=\"elementor elementor-2468\">\n\t\t\t\t\t\t<section class=\"elementor-section elementor-top-section elementor-element elementor-element-14479d8 elementor-section-boxed elementor-section-height-default elementor-section-height-default\" data-id=\"14479d8\" data-element_type=\"section\">\r\n\t\t\r\n\t\t\t\t\t\t\t<div class=\"elementor-container elementor-column-gap-default\">\r\n\t\t\t\t\t\t\t\t\t\t\t<div class=\"elementor-column elementor-col-100 elementor-top-column elementor-element elementor-element-87b1c1c\" data-id=\"87b1c1c\" data-element_type=\"column\">\r\n\t\t\t\t\t<div class=\"elementor-widget-wrap elementor-element-populated\">\r\n\t\t\t\t\t\t\t\t<div class=\"elementor-element elementor-element-17670ea elementor-widget elementor-widget-text-editor\" data-id=\"17670ea\" data-element_type=\"widget\" data-widget_type=\"text-editor.default\">\n\t\t\t\t<div class=\"elementor-widget-container\">\n\t\t\t\t\t\t\t\t\t<p><strong>Diritto di recesso<\/strong><\/p><p><strong>Ogni Cliente che acquista su www.oleificiodellorto.it ha diritto ad effettuare il proprio recesso entro 14 giorni dalla ricezione della merce.<\/strong><\/p><p>Il diritto di recesso le da la possibilit\u00e0 di rendere il prodotto acquistato di cui non si \u00e8 pi\u00f9 interessati e OLEIFICIO DELL&#8217;ORTO DI DELL&#8217;ORTO POLIDORO E C. SAS le offre l\u2019opportunit\u00e0 di restituire l\u2019articolo avvalendosi della procedura reso direttamente dal proprio pannello utente in pochi click; oppure pu\u00f2 segnalarci la sua volont\u00e0 di recedere tramite e-mail o posta, facendo richiesta come indicato nel modulo di reso.<\/p><p>Basta accedere al proprio storico ordini, selezionare l\u2019ordine per il quale si intende recedere e seguire in pochi click la procedura. Nel caso scegliesse questa opzione, Le trasmetteremo una conferma di ricevimento del recesso per posta elettronica.<\/p><p>Il reso \u00e8 a carico di OLEIFICIO DELL&#8217;ORTO DI DELL&#8217;ORTO POLIDORO E C. SAS<\/p><p>P.IVA IT02600500652<\/p><p><strong>Si prega di ritornare alla nostra SEDE in caso di Reso:<\/strong><\/p><p>OLEIFICIO DELL&#8217;ORTO DI DELL&#8217;ORTO POLIDORO E C. SAS<\/p><p>VIA ISCA 7<\/p><p>84020 OLIVETO CITRA SA<\/p><p>Quando il prodotto sar\u00e0 rientrato presso i nostri magazzini, OLEIFICIO DELL&#8217;ORTO DI DELL&#8217;ORTO POLIDORO E C. SAS non provveder\u00e0 al rimborso o ad emettere un credito senza scadenza da poter utilizzare su www.oleificiodellorto.it<\/p><p>NB: Il rimborso o il credito che verranno emessi non comprenderanno le spese di spedizione iniziali.\u00a0<\/p><p><strong>Il recesso pu\u00f2 essere esercitato entro 14 giorni dalla ricezione della merce. Il reso \u00e8 Gratuito e sar\u00e0 effettuato a spese di OLEIFICIO DELL&#8217;ORTO DI DELL&#8217;ORTO POLIDORO E C. SAS con il suo corriere.\u00a0<\/strong><\/p><p>Qualora Lei riscontri difficolt\u00e0 potr\u00e0 tranquillamente scrivere a info@oleificiodellorto.it e ricevere istruzioni per completare il reso.<\/p><p><strong>Esclusione del recesso:\u00a0<\/strong><\/p><p>In caso si usufruisca del reso gratuito, i prodotti devono sempre essere rispediti nell\u2019imballo originale.<br \/>OLEIFICIO DELL&#8217;ORTO DI DELL&#8217;ORTO POLIDORO E C. SAS avvertir\u00e0 il cliente in caso gli articoli non siano conformi alle indicazioni sopra indicate. Il cliente potr\u00e0 ritirarli presso i nostri magazzini entro 30 giorni.<br \/>Gli ordini non ritirati nei i termini indicati, verranno smaltiti.<br \/>La direzione si riserver\u00e0 di valutare eventuali anomalie e di addebitare costi aggiuntivi.<\/p><p>Il diritto di recesso sopra descritto non si applica nei seguenti casi:<\/p><p><strong>a)<\/strong>\u00a0i contratti di servizi dopo la completa prestazione del servizio se l\u2019esecuzione e\u2019 iniziata con l\u2019accordo espresso del consumatore e con l\u2019accettazione della perdita del diritto di recesso a seguito della piena esecuzione del contratto da parte del professionista;<\/p><p><strong>b)<\/strong>\u00a0la fornitura di beni o servizi il cui prezzo \u00e8 legato a fluttuazioni nel mercato finanziario che il professionista non \u00e8 in grado di controllare e che possono verificarsi durante il periodo di recesso;<\/p><p><strong>c)<\/strong>\u00a0la fornitura di beni confezionati su misura o chiaramente personalizzati;<\/p><p><strong>d)<\/strong>\u00a0la fornitura di beni che rischiano di deteriorarsi o scadere rapidamente;<\/p><p><strong>e)<\/strong>\u00a0la fornitura di beni come prodotti di Intimo e costumi che non si prestano ad essere restituiti per motivi igienici o connessi alla protezione della salute;<\/p><p><strong>f)<\/strong>\u00a0la fornitura di beni che, dopo la consegna, risultano, per loro natura, inscindibilmente mescolati con altri beni;<\/p><p><strong>g)<\/strong>\u00a0la fornitura di bevande alcoliche, il cui prezzo sia stato concordato al momento della conclusione del contratto di vendita, la cui consegna possa avvenire solo dopo trenta giorni e il cui valore effettivo dipenda da fluttuazioni sul mercato che non possono essere controllate dal professionista;<\/p><p><strong>h)<\/strong>\u00a0i contratti in cui il consumatore ha specificamente richiesto una visita da parte del professionista ai fini dell\u2019effettuazione di lavori urgenti di riparazione o manutenzione. Se, in occasione di tale visita, il professionista fornisce servizi oltre a quelli specificamente richiesti dal consumatore o beni diversi dai pezzi di ricambio necessari per effettuare la manutenzione o le riparazioni,il diritto di recesso si applica a tali servizi o beni supplementari;<\/p><p><strong>i)<\/strong>\u00a0la fornitura di registrazioni audio o video sigillate o di software informatici sigillati che sono stati aperti dopo la consegna;<\/p><p><strong>l)<\/strong>\u00a0la fornitura di giornali, periodici e riviste ad eccezione dei contratti di abbonamento per la fornitura di tali pubblicazioni;<\/p><p><strong>m)<\/strong>\u00a0dopo la terza richiesta di reso entro i 12 mesi il cliente dovr\u00e0 sostenere le spese di spedizione a proprio carico.\u00a0<\/p><p><strong>n)<\/strong>\u00a0la fornitura di alloggi per fini non residenziali, il trasporto di beni, i servizi di noleggio di autovetture, i servizi di catering o i servizi riguardanti le attivit\u00e0 del tempo libero qualora il contratto preveda una data o un periodo di esecuzione specifici;<\/p><p><strong>o)<\/strong>\u00a0la fornitura di contenuto digitale mediante un supporto non materiale se l\u2019esecuzione e\u2019 iniziata con l\u2019accordo espresso del consumatore e con la sua accettazione del fatto che in tal caso avrebbe perso il diritto di recesso.<\/p>\t\t\t\t\t\t\t\t<\/div>\n\t\t\t\t<\/div>\n\t\t\t\t\t<\/div>\r\n\t\t\t\t<\/div>\r\n\t\t\t\t\t<\/div>\r\n\t\t\t\t<\/section>\r\n\t\t\t\t<\/div>\n\t\t","protected":false},"excerpt":{"rendered":"<p>Diritto di recesso Ogni Cliente che acquista su www.oleificiodellorto.it ha diritto ad effettuare il proprio recesso entro 14 giorni dalla ricezione della merce. Il diritto di recesso le da la possibilit\u00e0 di rendere il prodotto acquistato di cui non si \u00e8 pi\u00f9 interessati e OLEIFICIO DELL&#8217;ORTO DI DELL&#8217;ORTO POLIDORO E C. SAS le offre l\u2019opportunit\u00e0 [&hellip;]<\/p>\n","protected":false},"author":1,"featured_media":0,"parent":0,"menu_order":0,"comment_status":"closed","ping_status":"closed","template":"","meta":{"footnotes":""},"class_list":["post-2468","page","type-page","status-publish","hentry"],"_links":{"self":[{"href":"https:\/\/oleificiodellorto.it\/index.php\/wp-json\/wp\/v2\/pages\/2468","targetHints":{"allow":["GET"]}}],"collection":[{"href":"https:\/\/oleificiodellorto.it\/index.php\/wp-json\/wp\/v2\/pages"}],"about":[{"href":"https:\/\/oleificiodellorto.it\/index.php\/wp-json\/wp\/v2\/types\/page"}],"author":[{"embeddable":true,"href":"https:\/\/oleificiodellorto.it\/index.php\/wp-json\/wp\/v2\/users\/1"}],"replies":[{"embeddable":true,"href":"https:\/\/oleificiodellorto.it\/index.php\/wp-json\/wp\/v2\/comments?post=2468"}],"version-history":[{"count":4,"href":"https:\/\/oleificiodellorto.it\/index.php\/wp-json\/wp\/v2\/pages\/2468\/revisions"}],"predecessor-version":[{"id":2474,"href":"https:\/\/oleificiodellorto.it\/index.php\/wp-json\/wp\/v2\/pages\/2468\/revisions\/2474"}],"wp:attachment":[{"href":"https:\/\/oleificiodellorto.it\/index.php\/wp-json\/wp\/v2\/media?parent=2468"}],"curies":[{"name":"wp","href":"https:\/\/api.w.org\/{rel}","templated":true}]}}